 + 1 = 2*z + k. Suppose 20 = 3*g + 2*l + z*l, l + 5 = 0. What are the prime factors of g?
3, 5
Let c(w) = -w + 1. Let f(k) = 4*k - 15. Let i(d) = -3*c(d) - f(d). List the prime factors of i(9).
3
Suppose 0 = 4*b + 37 + 75. Let c = 46 - b. List the prime factors of c.
2, 37
Let d(r) = r**2 + 6*r + 4. Let w be d(-6). Suppose 0 = -3*k, w*k + 1375 = 5*y + 3*k. Suppose 8*n - y = 3*n. What are the prime factors of n?
5, 11
Let d = -365 + 681. What are the prime factors of d?
2, 79
Let t(j) = j**2 - 5*j + 160. List the prime factors of t(19).
2, 3, 71
Let r(h) be the third derivative of h**5/60 - h**4/8 + h**3/2 - 11*h**2. What are the prime factors of r(-5)?
43
Suppose y + 55 = -0*f + 2*f, f + 2*y - 20 = 0. Let u(w) = w**2 - 28*w + 64. What are the prime factors of u(f)?
2, 3
Let p(h) = h**2 + 2*h. Let x be p(-3). What are the prime factors of (x/(-6))/(1/(-100))?
2, 5
Let q = -797 - -3329. What are the prime factors of q?
2, 3, 211
What are the prime factors of ((-7259)/14 - -5)*2*-1?
13, 79
What are the prime factors of (-396)/54*(-69)/2?
11, 23
Let y = -25 - -19. List the prime factors of (-220)/(-6)*y/(-5).
2, 11
Suppose 45*i - 68516 = 31*i. What are the prime factors of i?
2, 2447
Suppose 60 = 3*q + 3*a, -3*q + 4*a - 5*a + 52 = 0. List the prime factors of (444/16)/(6/q).
2, 37
Suppose 0 = -z - 3, 5*c = 8*c + 5*z - 5553. List the prime factors of c.
2, 29
Let f(u) = 10*u**3 + u**2 - 3*u + 2. Let s be f(-3). Let n = -168 - s. Let v = n - 51. What are the prime factors of v?
31
Let i(x) = -x**3 - 11*x**2 - 11*x - 7. Let a be i(-10). Suppose -a*c + 68 - 8 = 0. What are the prime factors of ((-105)/c)/(2/(-8))?
3, 7
What are the prime factors of (-56)/42 - 5642/(-6)?
3, 313
Suppose 3*y + 5*p - 8*p = 1509, 0 = -3*p. List the prime factors of y.
503
List the prime factors of -12 - (-11 + 5) - -102.
2, 3
Let z(s) = s**3 + 33*s**2 + 31*s - 18. What are the prime factors of z(-20)?
2, 2281
Let s(r) = r + 21. Let v be s(-7). List the prime factors of (-2)/7 + 438/v.
31
Let r = 86 - 52. Let t = r + -31. Suppose -3*w + 136 = -y, t*w - 226 = -2*w + 2*y. List the prime factors of w.
2, 23
Let a = -67 + 65. What are the prime factors of (2071/114)/(a/(-4))*3?
109
Let i(w) = -388*w - 17. What are the prime factors of i(-12)?
4639
Suppose 3*p + 15 = 0, -3*r + r - 26 = 4*p. Let i be 4/((-3 - 0)/r). What are the prime factors of (-2)/i*(-164)/1?
2, 41
Let i be 5 + -1 + -7 + 6. Suppose -q - f = -2*f - 78, -i*f = 5*q - 382. List the prime factors of q.
7, 11
Suppose 27 = 3*r + r + a, -2*r - 2*a + 6 = 0. Suppose -4*k + r = -2*k. Suppose k*o - 10 = -v, -5*o + 0*o - 4*v + 7 = 0. What are the prime factors of o?
3
Let o(j) = 2*j - 6. Let q(f) = 2*f - 6. Let t(s) = 6*o(s) - 7*q(s). Let d be t(5). What are the prime factors of (d + 28/8)*-72?
2, 3
Let x(n) = -n**3 + 5*n**2 - n - 7. Let g be x(5). Let y(q) = q**3 + 12*q**2 - 7*q - 18. List the prime factors of y(g).
2, 3, 11
Let i(c) = 6 + 30*c + 8*c**2 - 6*c**2 - 39*c. List the prime factors of i(7).
41
Suppose 4*z + 2 = -2. Let s be (-79)/(-4) + z/(-4). Suppose 3*o + o = s. What are the prime factors of o?
5
Let d be -3 + 4/(-16)*-4. List the prime factors of (d/6)/1*-18.
2, 3
Let o = -11 + 3. Let k = o + 50. Let n = -26 + k. What are the prime factors of n?
2
Let l(g) = 124*g + 59. What are the prime factors of l(15)?
19, 101
Suppose 102 = c - 3*o, 0 = 5*c - 49*o + 53*o - 453. What are the prime factors of c?
3, 31
Let d = -14 - -16. Suppose 3*l + 2*j - d = 6, l + 3*j - 5 = 0. What are the prime factors of (3 - 4)/(l/(-62))?
31
Let l(z) = -z**3 + 10*z**2 + 3*z - 13. Suppose 0 = -c - 7 + 17. Let v be l(c). Suppose 0 = -j + 43 + v. List the prime factors of j.
2, 3, 5
Let m(n) = -4*n - 3. Let j be m(-2). Suppose -5*x - 210 = -j*k, 5*x = -5*k + 4*k + 36. List the prime factors of k.
41
Suppose -3*j - 3*u = -470 - 3883, -3*j - 5*u + 4343 = 0. What are the prime factors of j?
2, 7, 13
Suppose 3*x + 0*x = 9. Suppose 2 + x = o. Suppose 2*s + 2*z + 8 - 56 = 0, -140 = -o*s + 5*z. What are the prime factors of s?
2, 13
Let l = -19 + 20. Let h be l/(-2)*120/(-5). Let g = h - 9. What are the prime factors of g?
3
Let o = -38 + 117. What are the prime factors of (o - 2) + 5 + -3?
79
Let r(c) = 15*c**3 + c**2 - c. Let j be 10/40*8/2. List the prime factors of r(j).
3, 5
Let i be (-6 - -12 - 84)*2/(-4). Suppose -12 = -4*r, 3*z = 4*z + 4*r - 24. Let n = i - z. List the prime factors of n.
3
Suppose -364 = -16*s + 2708. List the prime factors of s.
2, 3
Let v(m) = -m**2 + 8*m - 8. Let n be v(5). Suppose 0 = -8*j + n*j - 34. Let x = j + 73. List the prime factors of x.
3, 13
Let d = -14 + 25. Let h = d - 11. Suppose 5*t - 172 + 36 = -3*s, -3*s + 6 = h. List the prime factors of t.
2, 13
Let u(i) = -i**2 - 13*i + 18. Let x be u(-14). Suppose -4*d + x = -228. What are the prime factors of d?
2, 29
Let q(d) = -28*d - 7. Let b(j) = -28*j - 8. Let f(p) = 2*b(p) - 3*q(p). What are the prime factors of f(2)?
61
Let z(v) = 62*v - 26. Let u(y) = 31*y - 13. Let n(k) = 11*u(k) - 6*z(k). Let p be n(-5). List the prime factors of (p/(-60))/((-1)/15).
2, 3, 7
Let w = -60 - -57. Let i(h) = 12*h**2 - 3*h + 1. List the prime factors of i(w).
2, 59
Suppose 5*i - 5*g + 4*g - 24 = 0, 4*i = 2*g + 24. List the prime factors of i.
2
Let v(x) = x**2 + 11*x - 11. Let g = -1 + 6. What are the prime factors of v(g)?
3, 23
Let r(u) = 17 - 20*u**2 + 21*u**2 - 2*u + 0 - 2. List the prime factors of r(-6).
3, 7
What are the prime factors of -316*19/(-6) + (-30)/(-90)?
7, 11, 13
Let j be 51 + 0/(0 - -3). Let c = 80 - j. Let m = c + -18. List the prime factors of m.
11
Let b(d) = 3*d**2 - 74*d + 51. List the prime factors of b(29).
2, 107
Let i be 1*2/(-3)*-3. Let o(a) = -3*a + i*a + 3*a - a. List the prime factors of o(4).
2
Let y(c) = 57*c + 71. What are the prime factors of y(12)?
5, 151
Let n = -557 - -1356. List the prime factors of n.
17, 47
Let r be 2 + ((-2)/4)/((-5)/(-50)). List the prime factors of (-4)/(-14) + r + 136/14.
7
What are the prime factors of (-37436)/(-28) - (-5)/(10/(-8))?
31, 43
Let n(l) = 26*l**2 + l + 14. What are the prime factors of n(-4)?
2, 3, 71
Let v(u) = -3*u - 10. Let b(t) = 3*t + 10. Let n(h) = -7*b(h) - 6*v(h). Let c(r) = r**2 + 8*r + 4. Let g be c(-5). List the prime factors of n(g).
23
Let x be 2/(-4) - (-30)/20. Let p be (1 + -3)*x - -2. Let t = 12 + p. What are the prime factors of t?
2, 3
Let u be 4/10 + (-2280)/75. What are the prime factors of (5 - (-786)/u)/((-2)/30)?
2, 3, 53
Let o(k) = 5*k**2 - 3. Suppose 3*x - 59 - 13 = 0. Suppose 9*p - 3 = x. What are the prime factors of o(p)?
2, 3, 7
Let q(f) = f - 4. Let r(a) = -2*a + 3. Let y(d) = -4*q(d) - 5*r(d). List the prime factors of y(5).
31
Let f be (0/1 - -90) + 2. Let n(v) = 8*v - 56. Let r be n(7). Suppose 3*i + 0*u - f = -5*u, r = -2*i - 4*u + 62. List the prime factors of i.
29
Let i(s) be the second derivative of -s**5/20 - 7*s**4/4 + 3*s**3 - 3*s**2 + 21*s. List the prime factors of i(-22).
2, 41
Suppose 0 = 10*w + 1270 - 7460. List the prime factors of w.
619
Suppose 5*x - 813 = -2*y, 0 = -3*x - 2*y - 3*y + 503. Suppose -x = -9*m + 73. List the prime factors of m.
2, 13
Let g = -23 + -17. Let p = -23 - g. Suppose -3 = -5*a + p. List the prime factors of a.
2
Suppose 0 = -3*o - 2*h + 16, 0 = -2*o + 2*h + 8 + 6. Let r be (-2)/o - (-616)/12. Suppose 2*b + k = r, 9 = -0*k + 3*k. List the prime factors of b.
2, 3
Suppose -16 = -2*a - 7*h + 2*h, 0 = -5*a + 3*h + 9. Suppose 4*y = l + 144, -4 - 104 = -3*y + a*l. What are the prime factors of y?
2, 3
Suppose 3*g - 2*c - 15 = 0, 3*g = 4*c + c + 15. Suppose 4*n = g*n - 12. Suppose 3*p + 4*x = -0*x + n, -p = 3*x + 1. What are the prime factors of p?
2
Let q = 204 - 141. What are the prime factors of q?
3, 7
Let m = -1316 - -2386. List the prime factors of m.
2, 5, 107
Suppose -4*u + 40 = 4*a, -5*u - 2*a = -0*a - 35. Suppose 5*d + 5*l = -515, -u*l - 139 - 170 = 3*d. Let t = 147 + d. List the prime factors of t.
2, 11
Let z(l) = l**3 + 6*l**2 - 3*l + 6. Suppose 0 = 3*w + w - 2*r + 50, 4*r + 8 = -w. Let d be 68/w - (-2)/(-6). List the prime factors of z(d).
2, 3
Suppose -489 - 301 = -5*x. What are the prime factors of x?
2, 79
Let y be 4/34 + 1900/34. Suppose y = 5*j - 49. List the prime factors of j.
3, 7
Let p = 70 - 69. Wha